5 = -2*b. Calculate the remainder when a is divided by b.
15
Suppose 5*v - 5*f - 20 = -0*v, 3*v - 26 = -4*f. Suppose -p - 30 = -v*p. What is the remainder when 8 is divided by p?
2
Suppose -260*i = -251*i - 243. What is the remainder when 31 is divided by i?
4
Suppose 0 = -x + 2*x - 23. Suppose 2*o - 4*i - 24 = 0, -22 = -2*o + 3*i - 0*i. What is the remainder when x is divided by o?
7
Let z be (-11 - -15) + (1 - -3). Let b(k) = -k + 13. Calculate the remainder when 8 is divided by b(z).
3
Suppose -12*b - 192 = -18*b. What is the remainder when 109 is divided by b?
13
Let t(y) = -3*y**3 - 4*y**2 - 3*y + 1. Let m be t(-3). Suppose 4*r - m = 25. What is the remainder when 79 is divided by r?
19
Suppose -428 = 10*w - 968. Calculate the remainder when 206 is divided by w.
44
Let s = 48 - 34. Suppose -h + 16 = 3*h. Calculate the remainder when s is divided by h.
2
Let q = -300 + 349. What is the remainder when q is divided by 22?
5
Suppose 0 = 4*y + 8*y - 1728. What is the remainder when y is divided by 26?
14
Let c = 24 + -17. Suppose 3*w + 158 = 4*t - 139, 0 = 5*t + 3*w - 378. Calculate the remainder when t is divided by c.
5
Suppose 0 = 3*h - 2 - 4. Let i(a) = 5*a - a - h*a. What is the remainder when 29 is divided by i(5)?
9
Let m = 52 - 34. Let y = 62 + -52. Calculate the remainder when m is divided by y.
8
Let p = 30 - 6. Suppose p = -5*s + 114. What is the remainder when s is divided by 7?
4
Suppose 0*f = f - 1. Let n be f/(1 + (-12)/9). Calculate the remainder when (n/(-9))/(1/129) is divided by 23.
20
Let c = 104 - 99. Suppose 110 = c*z - 20. What is the remainder when 49 is divided by z?
23
What is the remainder when 851/(-185)*-71*5 is divided by 19?
18
Let p(f) = -2*f - 1. Calculate the remainder when 608/(-190)*60/(-16) is divided by p(-5).
3
Suppose 4*t + 73*u = 68*u + 3021, -t + 3*u = -734. What is the remainder when t is divided by 5?
4
Let z = -17 + 29. Let j = z - -3. Suppose -36 = -3*x + 5*u, -3*x + j = -0*x + 2*u. Calculate the remainder when 26 is divided by x.
5
Let j = 44 - -171. Suppose 0 = -u + m + 95, -j = -3*u + m + 60. Let c = -59 + u. What is the remainder when c is divided by 16?
15
Suppose -21*u + 42 = -7*u. Let n = u + 40. What is the remainder when n is divided by 11?
10
Let n(k) be the first derivative of 13*k**3/3 - k**2/2 - k - 235. Let g = 2 - 3. Calculate the remainder when 51 is divided by n(g).
12
Let z = -161 + 296. Let w = -70 + 100. Calculate the remainder when (-22)/(-3)*z/w is divided by 12.
9
Let v(z) = -2*z**2 - 107*z - 140. What is the remainder when 1661 is divided by v(-52)?
13
Let h(j) = 24*j - 3. Let c be h(4). Suppose 49*m - c = 46*m. What is the remainder when m is divided by 6?
1
Suppose 0 = -10*q + 12 + 48. What is the remainder when 7 is divided by q?
1
Let h(d) = -d**3 + 10*d**2 - 19*d + 8. Let j = -82 + 89. Calculate the remainder when 62 is divided by h(j).
18
Let c be ((-15)/(-9) - -3)*3. Let n(m) = 5*m**2 - 3*m + 2. Let w be n(1). Suppose w*l - 5*l + c = 0. What is the remainder when l is divided by 5?
4
Suppose n = 2*n - 76. What is the remainder when n is divided by ((-252)/(-273))/((-30)/(-650))?
16
What is the remainder when 226 is divided by -9 + 49 + 5 + 1?
42
Suppose -3*l - g + 3*g = -141, 3*g = 4*l - 189. What is the remainder when l is divided by (-10)/2*-5*108/225?
9
Let r(u) = -u**3 - 13*u**2 + 15*u + 11. Let m be r(-14). Let t be (-6)/m + (1 - -6). Calculate the remainder when 785/t - 12/54 is divided by 15.
12
Suppose -11*l + 22 = -11. Let p = 36 - 24. Suppose 0 = 4*r - l*r - p. What is the remainder when 46 is divided by r?
10
Let k(r) = r**3 + 3*r**2 - r + 5. Let i be k(-4). Let n(s) = 2*s**2 + 7*s - 5. Calculate the remainder when n(i) is divided by 15.
14
Let u = -63 + 86. Let a be -6*2/(12/10). Let b = 58 - a. Calculate the remainder when b is divided by u.
22
Suppose 0 = a - 5*a. Let u be 1*-1 - (14 - 13). Calculate the remainder when a + (3 - -16) - u is divided by 12.
9
Suppose -20*j - 301 = -27*j. What is the remainder when 159 is divided by j?
30
Suppose -136 = -m + 2*x, m - 3*x - 84 = 51. Suppose 2 = 5*w - m. What is the remainder when 80 is divided by w?
24
Let g = -140 + 222. Let k = 80 - 68. What is the remainder when g is divided by k?
10
Suppose 0 = -1612*v + 1592*v + 260. Suppose -5*z + 3*x - 185 + 41 = 0, z - 3*x = -24. Calculate the remainder when v is divided by ((-36)/z)/((-3)/(-20)).
5
Suppose -3*b + 14962 = -v, 33*v = -b + 37*v + 4969. What is the remainder when b is divided by 104?
101
Let q(o) = -o**2 + 10*o - 7. Let s be q(8). Suppose -4 - s = -m. Calculate the remainder when 50 is divided by m.
11
Suppose 0 = -2*y - 5*y + 322. Let k = 77 - y. Calculate the remainder when k is divided by 11.
9
Let r(l) = l**2 - 2*l - 14. Let h be r(0). Let m = h - -18. Suppose -5*s + 59 = m. Calculate the remainder when 43 is divided by s.
10
Let h be 1 - 2 - (-22 - 0). Suppose 0 = -l + 17 + h. Suppose 0 = -13*k + 3*k + 100. Calculate the remainder when l is divided by k.
8
Let d(s) = -124*s**3 - 11*s**2 - 10*s + 1. What is the remainder when d(-1) is divided by 48?
28
Suppose -19*g + 34 = -17*g. What is the remainder when 123/(-39) - (-4)/26 - -46 is divided by g?
9
Suppose 30*y - 1299 = 2301. Calculate the remainder when y is divided by 28.
8
Let b = 6099 + -6071. Calculate the remainder when 1/(-4) - (-1335)/12 is divided by b.
27
Let m(n) = -24*n + 24. Let k be m(-5). Suppose k = 6*l - 30. What is the remainder when l is divided by 15?
14
Let h = 816 - 792. What is the remainder when 42 is divided by h?
18
Suppose 42 = -2*l + 2*k, 2*l - k + 36 = -5*k. Let v be 59 + -1 - (-1 - 2). Let y = l + v. Calculate the remainder when y is divided by 14.
13
Suppose 0*p = n + 3*p, 0 = 4*p + 16. Let l(f) = 2*f + 3. Let k be l(0). Suppose 41 = k*t - 100. What is the remainder when t is divided by n?
11
Suppose -15*d = -521 - 1669. What is the remainder when d is divided by 33?
14
Let h = 463 + -425. What is the remainder when h is divided by 15?
8
Let v(t) = -t**2 + 8*t - 9. Let i be v(6). Suppose 4*j - l - 38 = -i*l, -3*j + 46 = 5*l. What is the remainder when 17 is divided by j?
3
Calculate the remainder when 133 is divided by (0 - (-46)/3)/(172/258).
18
Suppose -w + 771 = 4*b, -2*b + 3*w = 3*b - 985. Suppose 2*u - b = -4*g, -5*g = 4*u - 240 + 5. What is the remainder when g is divided by 18?
15
Let z be 14 + 2/(9/6 + -2). Suppose -z*m + 6*m = -4*j + 4, j + 2*m = 7. Suppose 5*p = 3*p + 6. What is the remainder when p is divided by j?
0
Let o = -1 - -6. Let f = -77 - 10. Let t = 106 + f. What is the remainder when t is divided by o?
4
Let m be 6/8 + 56/(-32). Let i(f) = 16*f**2 - 2*f - 4. Calculate the remainder when 36 is divided by i(m).
8
Let o(p) = p + 5. Let y be o(-5). Suppose 0 = x - y*x - 3. Suppose 3*u + 2*n - 89 = 3, x*n + 15 = 0. What is the remainder when u is divided by 12?
10
Suppose -4 + 4 = 3*g. Suppose 5*k = -20, g = -d - 4*d - 4*k + 19. Calculate the remainder when 23 is divided by d.
2
Suppose 80*m - 82*m + 50 = 0. What is the remainder when 95 is divided by m?
20
Suppose w + 2*w = 0. Suppose 5*d + 2*x - 205 = 0, -3*x = -8*x. What is the remainder when d is divided by 25 - ((4 - 0) + w)?
20
Calculate the remainder when 432 is divided by (-4)/(-50) - ((-1903)/275 + -12).
14
Calculate the remainder when 148 is divided by (6/15)/(-2*(-5)/750).
28
Suppose -d = -5*d - 5*i - 80, -2*i - 20 = d. Let l = -14 - d. Suppose 0*q + 4*q - 44 = 0. Calculate the remainder when q is divided by l.
5
Suppose 2*o - 352 = -152. Calculate the remainder when 1197 is divided by o.
97
Suppose g = x - 370, 3*g = -5*x + 2164 - 322. Calculate the remainder when x is divided by 37.
36
Let x be (4/(-3))/((8 - 5)/(-9)). Suppose -5*b = -4*g - 245, -x*g - 49 = b - 2*b. What is the remainder when b is divided by 25?
24
Let u = 33 + -23. Suppose -8*f = -u*f + 32. What is the remainder when 40 is divided by f?
8
Let a be (-2)/(-9) + 236/(-9). Let m = a - -36. What is the remainder when -3*(-85)/15 - -1 is divided by m?
8
Suppose 5*t = d - 96, -335 = -7*d + 2*d - 4*t. What is the remainder when d is divided by ((-9)/(-6))/((-2)/(-24))?
17
What is the remainder when ((-790)/(-6))/(10/12) is divided by 27?
23
Let m = -415 + 491. What is the remainder when m is divided by 44?
32
Let b be 363/(